{"id":1619,"date":"2025-02-19T12:52:39","date_gmt":"2025-02-19T11:52:39","guid":{"rendered":"https:\/\/www.bractwo.krakowpodgorze.zhp.pl\/?page_id=1619"},"modified":"2026-03-09T22:20:37","modified_gmt":"2026-03-09T21:20:37","slug":"obozy-i-zimowiska-zdh-bractwo","status":"publish","type":"page","link":"https:\/\/www.bractwo.krakowpodgorze.zhp.pl\/index.php\/obozy-i-zimowiska-zdh-bractwo\/","title":{"rendered":"Obozy i zimowiska"},"content":{"rendered":"\n<p>Lista przedstawia obozy i zimowiska ZDH &#8222;Bractwo&#8221;, Szczepu &#8222;Kraka&#8221; i Szczepu &#8222;D\u0119bnickiego&#8221;<\/p>\n\n\n\n<p>Przedstawiona lista ma charakter orientacyjny i nie musi by\u0107 w pe\u0142ni zgodna z rzeczywisto\u015bc\u0105. Opiera si\u0119 na kronikach oraz monografii &#8222;Hufiec Krak\u00f3w-Podg\u00f3rze w latach 1957-1989&#8221; autorstwa dh. Andrzeja Gaczorka, Jerzego Klinika i Wies\u0142awa W\u00f3jcika.<\/p>\n\n\n\n<figure class=\"wp-block-table is-style-stripes\"><table><thead><tr><th>Rok<\/th><th>Zimowisko<\/th><th>Ob\u00f3z<\/th><\/tr><\/thead><tbody><tr><td>2026<\/td><td>Kosarzyska<\/td><td><\/td><\/tr><tr><td>2025<\/td><td>Zawoja &#8211; Sk\u0142ady<\/td><td>Gwda Wielka<\/td><\/tr><tr><td>2024<\/td><td>Zawoja &#8211; Sk\u0142ady<\/td><td>Czernica<\/td><\/tr><tr><td>2023<\/td><td>Ci\u0119\u017ckowice<\/td><td>Siemiany<\/td><\/tr><tr><td>2022<\/td><td>Zawoja &#8211; Sk\u0142ady<\/td><td>Wilcze<\/td><\/tr><tr><td>2021<\/td><td>&#8211;<\/td><td>Olpuch<\/td><\/tr><tr><td>2020<\/td><td>Rajcza &#8211; Nickulina<\/td><td>&#8211;<\/td><\/tr><tr><td>2019<\/td><td>Zawoja &#8211; Sk\u0142ady<\/td><td>Czernica<\/td><\/tr><tr><td>2018<\/td><td>Sromowce Wy\u017cne<\/td><td>Polanki<\/td><\/tr><tr><td>2017<\/td><td>Zakopane<\/td><td>Stare Wierzchowo<\/td><\/tr><tr><td>2016<\/td><td>Lubogoszcz<\/td><td>Rozewie (ob\u00f3z sta\u0142y)<br>Beskid Wyspowy (ob\u00f3z w\u0119drowny)<\/td><\/tr><tr><td>2015<\/td><td><\/td><td>Nowa Kiszewa<\/td><\/tr><tr><td>2014<\/td><td><\/td><td>Nowa Kiszewa<\/td><\/tr><tr><td>2013<\/td><td><\/td><td>Stare Karpno<\/td><\/tr><tr><td>2012<\/td><td><\/td><td>Czernica<\/td><\/tr><tr><td>2011<\/td><td>Zawoja &#8211; We\u0142cza<\/td><td>Unie\u015bcie<\/td><\/tr><tr><td>2010<\/td><td><\/td><td>Czernica<\/td><\/tr><tr><td>2009<\/td><td><\/td><td>Pr\u00f3chn\u00f3wko<\/td><\/tr><tr><td>2008<\/td><td>NAZ w Krakowie<\/td><td>Ostrowo<\/td><\/tr><tr><td>2007<\/td><td>Por\u0119ba<\/td><td>Ostrowo<\/td><\/tr><tr><td>2006<\/td><td>Szczawnica<\/td><td>Samoci\u0105\u017cek<\/td><\/tr><tr><td>2005<\/td><td>Z\u0105b<\/td><td>Gwda Wielka<\/td><\/tr><tr><td>2004<\/td><td>Piwniczna &#8211; Kosarzyska<\/td><td>Samoci\u0105\u017cek<\/td><\/tr><tr><td>2003<\/td><td><\/td><td>Samoci\u0105\u017cek<\/td><\/tr><tr><td>2002<\/td><td><\/td><td>Samoci\u0105\u017cek<\/td><\/tr><tr><td>2001<\/td><td>Ustrzyki Dolne<\/td><td>Samoci\u0105\u017cek<\/td><\/tr><tr><td>2000<\/td><td>Ustrzyki Dolne<\/td><td>Wdzydze Kiszewskie<\/td><\/tr><tr><td>1999<\/td><td>Ustrzyki Dolne<\/td><td>Samoci\u0105\u017cek<\/td><\/tr><tr><td>1998<\/td><td><\/td><td>Stare Wierzchowo<\/td><\/tr><tr><td>1997<\/td><td><\/td><td>Nowe Orzechowo<\/td><\/tr><tr><td>1996<\/td><td><\/td><td>Gwda Wielka<\/td><\/tr><tr><td>1995<\/td><td><\/td><td>Gwda Wielka<\/td><\/tr><tr><td>1994<\/td><td><\/td><td>Nowa Kiszewa<\/td><\/tr><tr><td>1993<\/td><td><\/td><td>Nowa Kiszewa (29 DH-y)<br>Stare Wierzchowo (29 DH-ek)<\/td><\/tr><tr><td>1992<\/td><td><\/td><td>Nobliny (29 DH-y)<\/td><\/tr><tr><td>1991<\/td><td><\/td><td>Piotrowice (29 DH-y)<\/td><\/tr><tr><td>1990<\/td><td><\/td><td>P\u0142aczewo (29 DH-y)<\/td><\/tr><tr><td>1989<\/td><td><\/td><td>Piotrowice (D\u0119bnicki)<br>Ostrzyce (Kraka)<\/td><\/tr><tr><td>1988<\/td><td>Hala \u0141abowska (Kraka)<\/td><td>Boroszewo (Kraka)<\/td><\/tr><tr><td>1987<\/td><td>brak danych (D\u0119bnicki)<\/td><td>brak danych (Kraka)<\/td><\/tr><tr><td>1986<\/td><td>Zakopane (D\u0119bnicki)<br>Hala \u0141abowska (Kraka)<\/td><td><\/td><\/tr><tr><td>1985<\/td><td>Hala \u0141abowska (Kraka)<\/td><td>Danielka (Kraka)<\/td><\/tr><tr><td>1984<\/td><td>Hala \u0141abowska (Kraka)<\/td><td>brak danych (Kraka)<\/td><\/tr><tr><td>1983<\/td><td>Wierchomla (Kraka)<\/td><td>Obidowa (Kraka)<br>Lipnica Wielka (D\u0119bnicki)<\/td><\/tr><tr><td>1982<\/td><td>&#8211; (stan wojenny)<\/td><td>Obidowa (Kraka)<\/td><\/tr><tr><td>1981<\/td><td>Wierchomla (Kraka)<\/td><td>Gorce-Pieniny (w\u0119drowny Kraka)<\/td><\/tr><tr><td>1980<\/td><td>Wierchomla (Kraka)<\/td><td>Szczawa (Kraka)<\/td><\/tr><tr><td>1979<\/td><td>Wierchomla (Kraka)<\/td><td>Wierchomla (Kraka)<\/td><\/tr><tr><td>1978<\/td><td>&#8211;<\/td><td>Lipnica Ma\u0142a (Kraka)<\/td><\/tr><tr><td>1977<\/td><td>&#8211;<\/td><td>Sidzina (Kraka)<br>Pewel Wielka (D\u0119bnicki)<\/td><\/tr><tr><td>1976<\/td><td>Olcza (D\u0119bnicki)<br><\/td><td>brak danych (D\u0119bnicki)<br>Obidowa (Kraka)<\/td><\/tr><tr><td>1975<\/td><td>Olcza (D\u0119bnicki)<\/td><td>brak danych (Kraka)<\/td><\/tr><tr><td>1974<\/td><td>Zakopane  (D\u0119bnicki)<\/td><td>Lipowa (D\u0119bnicki)<br>Obidowa (Kraka)<\/td><\/tr><tr><td>1973<\/td><td><\/td><td>Ma\u0142e Ciche (Kraka)<\/td><\/tr><tr><td>1972<\/td><td><\/td><td>Ostre (Kraka)<\/td><\/tr><tr><td>1971<\/td><td><\/td><td>Sopotnia Wielka (Kraka)<\/td><\/tr><tr><td>1970<\/td><td>brak danych (29 DH)<\/td><td>brak danych (Kraka)<\/td><\/tr><tr><td>1969<\/td><td><\/td><td>Zalesie (Kraka)<\/td><\/tr><tr><td>1968<\/td><td><\/td><td><\/td><\/tr><tr><td>1967<\/td><td><\/td><td>Por\u0119ba Wielka (5 DH)<\/td><\/tr><tr><td>1966<\/td><td><\/td><td><\/td><\/tr><tr><td>1965<\/td><td><\/td><td>Gabo\u0144 (5 DH)<\/td><\/tr><tr><td>1964<\/td><td><\/td><td>Szczawa (5 DH)<\/td><\/tr><tr><td>1963<\/td><td><\/td><td>Bukowina-Podszkle (5 DH)<\/td><\/tr><tr><td>1962<\/td><td><\/td><td><\/td><\/tr><tr><td>1961<\/td><td><\/td><td>Obidowa (5 DH)<\/td><\/tr><tr><td>1960<\/td><td><\/td><td>Dylaki k. Turawy (5 DH)<\/td><\/tr><\/tbody><\/table><\/figure>\n\n\n\n<p><\/p>\n\n\n\n<p><\/p>\n\n\n\n<p><\/p>\n","protected":false},"excerpt":{"rendered":"<p>Lista przedstawia obozy i zimowiska ZDH &#8222;Bractwo&#8221;, Szczepu &#8222;Kraka&#8221; i Szczepu &#8222;D\u0119bnickiego&#8221; Przedstawiona lista ma charakter orientacyjny i nie musi by\u0107 w pe\u0142ni zgodna z rzeczywisto\u015bc\u0105. Opiera si\u0119 na kronikach oraz monografii &#8222;Hufiec Krak\u00f3w-Podg\u00f3rze w latach 1957-1989&#8221; autorstwa dh. Andrzeja Gaczorka, Jerzego Klinika i Wies\u0142awa W\u00f3jcika. Rok Zimowisko Ob\u00f3z 2026 Kosarzyska 2025 Zawoja &#8211; Sk\u0142ady [&hellip;]<\/p>\n","protected":false},"author":1,"featured_media":0,"parent":0,"menu_order":0,"comment_status":"closed","ping_status":"closed","template":"","meta":{"footnotes":""},"class_list":["post-1619","page","type-page","status-publish","hentry"],"_links":{"self":[{"href":"https:\/\/www.bractwo.krakowpodgorze.zhp.pl\/index.php\/wp-json\/wp\/v2\/pages\/1619","targetHints":{"allow":["GET"]}}],"collection":[{"href":"https:\/\/www.bractwo.krakowpodgorze.zhp.pl\/index.php\/wp-json\/wp\/v2\/pages"}],"about":[{"href":"https:\/\/www.bractwo.krakowpodgorze.zhp.pl\/index.php\/wp-json\/wp\/v2\/types\/page"}],"author":[{"embeddable":true,"href":"https:\/\/www.bractwo.krakowpodgorze.zhp.pl\/index.php\/wp-json\/wp\/v2\/users\/1"}],"replies":[{"embeddable":true,"href":"https:\/\/www.bractwo.krakowpodgorze.zhp.pl\/index.php\/wp-json\/wp\/v2\/comments?post=1619"}],"version-history":[{"count":6,"href":"https:\/\/www.bractwo.krakowpodgorze.zhp.pl\/index.php\/wp-json\/wp\/v2\/pages\/1619\/revisions"}],"predecessor-version":[{"id":1947,"href":"https:\/\/www.bractwo.krakowpodgorze.zhp.pl\/index.php\/wp-json\/wp\/v2\/pages\/1619\/revisions\/1947"}],"wp:attachment":[{"href":"https:\/\/www.bractwo.krakowpodgorze.zhp.pl\/index.php\/wp-json\/wp\/v2\/media?parent=1619"}],"curies":[{"name":"wp","href":"https:\/\/api.w.org\/{rel}","templated":true}]}}