{"id":189,"date":"2015-05-03T11:15:40","date_gmt":"2015-05-03T09:15:40","guid":{"rendered":"http:\/\/localhost\/wordpress\/?page_id=189"},"modified":"2026-03-26T20:44:59","modified_gmt":"2026-03-26T19:44:59","slug":"komenda-zdh","status":"publish","type":"page","link":"https:\/\/www.bractwo.krakowpodgorze.zhp.pl\/index.php\/o-zdh-bractwo\/komenda-zdh\/","title":{"rendered":"W\u0142adze ZDH"},"content":{"rendered":"\n<p>W\u0142adze Zwi\u0105zku 5-tych i 29-tych Dru\u017cyn Harcerskich &#8222;Bractwo&#8221; stanowi\u0105 Komenda Zwi\u0105zku Dru\u017cyn oraz Rada Zwi\u0105zku Dru\u017cyn<\/p>\n\n\n\n<h2 class=\"wp-block-heading\">Komenda ZDH:<\/h2>\n\n\n\n<figure class=\"wp-block-table is-style-stripes\"><table><thead><tr><th>FUNKCJA<\/th><th>FUNKCYJNY\/A<\/th><\/tr><\/thead><tbody><tr><td><strong>Komendantka Zwi\u0105zku Dru\u017cyn<\/strong><\/td><td>phm. Julia Dragan<\/td><\/tr><tr><td><strong>Cz\u0142onek Komendy ds. Finans\u00f3w<\/strong> <\/td><td>phm. Katarzyna Kura\u015b<\/td><\/tr><tr><td><strong><strong>Cz\u0142onek Komendy ds. <\/strong>organizacyjnych<\/strong><\/td><td>pwd. Klaudia Krawcewicz<\/td><\/tr><tr><td><strong>Cz\u0142onek Komendy ds. programowych<\/strong><\/td><td>pwd. Wojciech Kamie\u0144ski<\/td><\/tr><tr><td><strong>Cz\u0142onek Komendy ds. pracy z kadr\u0105<\/strong><\/td><td>phm. Maciej Kurek<\/td><\/tr><tr><td><strong>Cz\u0142onek Komendy<\/strong><\/td><td>\u0107w. Micha\u0142 \u017b\u0105d\u0142o <\/td><\/tr><\/tbody><\/table><\/figure>\n\n\n\n<h2 class=\"wp-block-heading\">Rada Zwi\u0105zku Dru\u017cyn<\/h2>\n\n\n\n<p>Organem decyzyjnym, doradczym i kontrolnym w podejmowaniu strategicznych i istotnych decyzji dla Zwi\u0105zku jest Rad\u0119 Zwi\u0105zku 5-tych i 29-tych Dru\u017cyn Harcerskich &#8222;Bractwo&#8221;, na czele, kt\u00f3rej stoi Komendant Zwi\u0105zku Dru\u017cyn.<\/p>\n\n\n\n<p>W sk\u0142ad Rady Zwi\u0105zku Dru\u017cyn wchodz\u0105:<\/p>\n\n\n\n<ul class=\"wp-block-list\">\n<li>Komendant i Komenda Zwi\u0105zku Dru\u017cyn<\/li>\n\n\n\n<li>funkcyjni Zwi\u0105zku Dru\u017cyn<\/li>\n\n\n\n<li>dru\u017cynowi jednostek wchodz\u0105cych w sk\u0142ad Zwi\u0105zku Dru\u017cyn<\/li>\n\n\n\n<li>przyboczni jednostek wchodz\u0105cych w sk\u0142ad Zwi\u0105zku Dru\u017cyn<\/li>\n\n\n\n<li>opiekunowie jednostek wchodz\u0105cych w sk\u0142ad Zwi\u0105zku Dru\u017cyn<\/li>\n<\/ul>\n\n\n\n<p>Celem dzia\u0142ania Rady jest dyskusja i podejmowanie decyzji w istotnych sprawach dla ZDH w terminie \u015brednim, d\u0142ugim i strategicznym oraz kontrolowanie komendanta i komendy ZDH \u201eBractwo\u201d.<\/p>\n","protected":false},"excerpt":{"rendered":"<p>W\u0142adze Zwi\u0105zku 5-tych i 29-tych Dru\u017cyn Harcerskich &#8222;Bractwo&#8221; stanowi\u0105 Komenda Zwi\u0105zku Dru\u017cyn oraz Rada Zwi\u0105zku Dru\u017cyn Komenda ZDH: FUNKCJA FUNKCYJNY\/A Komendantka Zwi\u0105zku Dru\u017cyn phm. Julia Dragan Cz\u0142onek Komendy ds. Finans\u00f3w phm. Katarzyna Kura\u015b Cz\u0142onek Komendy ds. organizacyjnych pwd. Klaudia Krawcewicz Cz\u0142onek Komendy ds. programowych pwd. Wojciech Kamie\u0144ski Cz\u0142onek Komendy ds. pracy z kadr\u0105 phm. Maciej [&hellip;]<\/p>\n","protected":false},"author":1,"featured_media":962,"parent":62,"menu_order":0,"comment_status":"closed","ping_status":"open","template":"","meta":{"footnotes":""},"class_list":["post-189","page","type-page","status-publish","has-post-thumbnail","hentry"],"_links":{"self":[{"href":"https:\/\/www.bractwo.krakowpodgorze.zhp.pl\/index.php\/wp-json\/wp\/v2\/pages\/189","targetHints":{"allow":["GET"]}}],"collection":[{"href":"https:\/\/www.bractwo.krakowpodgorze.zhp.pl\/index.php\/wp-json\/wp\/v2\/pages"}],"about":[{"href":"https:\/\/www.bractwo.krakowpodgorze.zhp.pl\/index.php\/wp-json\/wp\/v2\/types\/page"}],"author":[{"embeddable":true,"href":"https:\/\/www.bractwo.krakowpodgorze.zhp.pl\/index.php\/wp-json\/wp\/v2\/users\/1"}],"replies":[{"embeddable":true,"href":"https:\/\/www.bractwo.krakowpodgorze.zhp.pl\/index.php\/wp-json\/wp\/v2\/comments?post=189"}],"version-history":[{"count":36,"href":"https:\/\/www.bractwo.krakowpodgorze.zhp.pl\/index.php\/wp-json\/wp\/v2\/pages\/189\/revisions"}],"predecessor-version":[{"id":1952,"href":"https:\/\/www.bractwo.krakowpodgorze.zhp.pl\/index.php\/wp-json\/wp\/v2\/pages\/189\/revisions\/1952"}],"up":[{"embeddable":true,"href":"https:\/\/www.bractwo.krakowpodgorze.zhp.pl\/index.php\/wp-json\/wp\/v2\/pages\/62"}],"wp:featuredmedia":[{"embeddable":true,"href":"https:\/\/www.bractwo.krakowpodgorze.zhp.pl\/index.php\/wp-json\/wp\/v2\/media\/962"}],"wp:attachment":[{"href":"https:\/\/www.bractwo.krakowpodgorze.zhp.pl\/index.php\/wp-json\/wp\/v2\/media?parent=189"}],"curies":[{"name":"wp","href":"https:\/\/api.w.org\/{rel}","templated":true}]}}